099773?
7
What is the tens digit of 90854351?
5
What is the millions digit of 823255680?
3
What is the hundred millions digit of 1775247929?
7
What is the ten thousands digit of 15840297?
4
What is the millions digit of 43804921?
3
What is the units digit of 49250772?
2
What is the ten thousands digit of 1021996852?
9
What is the ten millions digit of 249186489?
4
What is the hundred millions digit of 857166788?
8
What is the hundreds digit of 202762057?
0
What is the thousands digit of 2992465353?
5
What is the ten thousands digit of 331267398?
6
What is the ten thousands digit of 79454721?
5
What is the thousands digit of 56189143?
9
What is the hundreds digit of 2293143103?
1
What is the ten thousands digit of 330076944?
7
What is the ten millions digit of 33479358?
3
What is the ten thousands digit of 6304180?
0
What is the units digit of 2076590445?
5
What is the millions digit of 13062405?
3
What is the ten thousands digit of 355566031?
6
What is the hundred thousands digit of 960062055?
0
What is the units digit of 604624551?
1
What is the hundreds digit of 145314826?
8
What is the tens digit of 303743572?
7
What is the ten millions digit of 76801679?
7
What is the ten millions digit of 45485399?
4
What is the hundred thousands digit of 28796100?
7
What is the ten millions digit of 942582512?
4
What is the millions digit of 153450332?
3
What is the hundreds digit of 983750640?
6
What is the ten millions digit of 308288696?
0
What is the thousands digit of 49637565?
7
What is the units digit of 708979851?
1
What is the thousands digit of 8683380549?
0
What is the ten thousands digit of 438412395?
1
What is the hundred millions digit of 280790566?
2
What is the hundreds digit of 456895400?
4
What is the ten millions digit of 142951586?
4
What is the billions digit of 1672352354?
1
What is the hundred thousands digit of 12652929?
6
What is the hundreds digit of 51243558?
5
What is the ten thousands digit of 37988347?
8
What is the tens digit of 47323924?
2
What is the hundreds digit of 97958194?
1
What is the ten millions digit of 44597888?
4
What is the millions digit of 240246672?
0
What is the millions digit of 77105187?
7
What is the ten millions digit of 11702179?
1
What is the tens digit of 129667827?
2
What is the ten millions digit of 324029369?
2
What is the millions digit of 113548642?
3
What is the thousands digit of 6501658?
1
What is the tens digit of 72556286?
8
What is the millions digit of 89559014?
9
What is the millions digit of 618750537?
8
What is the ten thousands digit of 326088120?
8
What is the tens digit of 16045851?
5
What is the billions digit of 5164045603?
5
What is the hundred thousands digit of 121048048?
0
What is the units digit of 529234292?
2
What is the thousands digit of 963601929?
1
What is the hundred thousands digit of 7044848445?
8
What is the ten millions digit of 1990227419?
9
What is the billions digit of 1668451576?
1
What is the hundred millions digit of 266971619?
2
What is the hundred millions digit of 2179398142?
1
What is the units digit of 51838910?
0
What is the ten thousands digit of 125658124?
5
What is the tens digit of 66158888?
8
What is the thousands digit of 375626916?
6
What is the tens digit of 172622375?
7
What is the tens digit of 51458547?
4
What is the ten millions digit of 108863710?
0
What is the thousands digit of 192948298?
8
What is the units digit of 59476774?
4
What is the units digit of 82096826?
6
What is the ten millions digit of 3222949819?
2
What is the ten thousands digit of 86171731?
7
What is the thousands digit of 893580194?
0
What is the tens digit of 703383948?
4
What is the hundred thousands digit of 86560699?
5
What is the hundred thousands digit of 281845737?
8
What is the hundred millions digit of 306889460?
3
What is the ten millions digit of 117762216?
1
What is the ten thousands digit of 207418653?
1
What is the units digit of 7577099275?
5
What is the ten thousands digit of 186140301?
4
What is the thousands digit of 48115373?
5
What is the tens digit of 6450195585?
8
What is the units digit of 407981262?
2
What is the billions digit of 8823559732?
8
What is the thousands digit of 71313014?
3
What is the tens digit of 47102057?
5
What is the ten thousands digit of 10650686?
5
What is the ten thousands digit of 125456976?
5
What is the units digit of 128501005?
5
What is the millions digit of 85503250?
5
What is the ten millions digit of 1924064573?
2
What is the hundred thousands digit of 77117499?
1
What is the hundred millions digit of 4093858645?
0
What is the billions digit of 1737873543?
1
What is the millions digit of 563660979?
3
What is the thousands digit of 77599608?
9
What is the millions digit of 1235091962?
5
What is the thousands digit of 620772968?
2
What is the millions digit of 295153672?
5
What is the units digit of 41634822?
2
What is the hundred millions digit of 992673209?
9
What is the ten thousands digit of 386494877?
9
What is the ten millions digit of 246635753?
4
What is the units digit of 2967819263?
3
What is the thousands digit of 4567729591?
9
What is the hundred millions digit of 4806796612?
8
What is the hundreds digit of 40766276?
2
What is the hundreds digit of 20198384?
3
What is the tens digit of 802972459?
5
What is the millions digit of 567746211?
7
What is the units digit of 66450776?
6
What is the hundred millions digit of 357699573?
3
What is the thousands digit of 89967784?
7
What is the hundred millions digit of 2568389894?
5
What is the ten millions digit of 84097784?
8
What is the ten thousands digit of 735469648?
6
What is the hundred thousands digit of 70575788?
5
What is the thousands digit of 1387267914?
7
What is the ten thousands digit of 44268675?
6
What is the units digit of 941403810?
0
What is the ten millions digit of 318713365?
1
What is the thousands digit of 1319560?
9
What is the millions digit of 100233040?
0
What is the ten thousands digit of 4012418635?
1
What is the units digit of 1628584?
4
What is the millions digit of 45224869?
5
What is the thousands digit of 99064862?
4
What is the ten millions digit of 1523280006?
2
What is the ten thousands digit of 69700220?
0
What is the units digit of 79691137?
7
What is the hundred thousands digit of 128535729?
5
What is the ten thousands digit of 161879662?
7
What is the ten millions digit of 71928457?
7
What is the ten thousands digit of 1253323538?
2
What is the hundred thousands digit of 16388594?
3
What is the units digit of 46983704?
4
What is the hundreds digit of 143700146?
1
What is the hundred thousands digit of 708948829?
9
What is the tens digit of 812801651?
5
What is the hundred thousands digit of 90400430?
4
What is the millions digit of 4757421972?
7
What is the ten thousands digit of 26167304?
6
What is the ten millions digit of 3143898714?
4
What is the hundreds digit of 170137181?
1
What is the tens digit of 4704355864?
6
What is the units digit of 25745457?
7
What is the hundreds digit of 250118068?
0
What is the hundreds digit of 21131701?
7
What is the thousands digit of 109580455?
0
What is the hundred thousands digit of 36545188?
5
What is the millions digit of 878945999?
8
What is the ten thousands digit of 1751003227?
0
What is the ten millions digit of 1373799649?
7
What is the ten thousands digit of 355695488?
9
What is the ten millions digit of 599055069?
9
What is the hundreds digit of 64877811?
8
What is the units digit of 2044429145?
5
What is the millions digit of 1936369131?
6
What is the units digit of 759058194?
4
What is the millions digit of 267623553?
7
What is the tens digit of 5676464140?
4
What is the ten thousands digit of 4793282225?
8
What is the hundred thousands digit of 79182685?
1
What is the ten thousands digit of 5059041173?
4
What is the thousands digit of 1936400837?
0
What is the hundred thousands digit of 23609802?
6
What is the thousands digit of 263246879?
6
What is the hundred millions digit of 561863554?
5
What is the tens digit of 86024386?
8
What is the ten millions digit of 625109333?
2
What is the millions digit of 2647589129?
7
What is the hundred millions digit of 3911026839?
9
What is the hundred thousands digit of 53234556?
2
What is the thousands digit of 48371604?
1
What